9*g + 86. Determine r(-13).
47
Let h(o) = -o**3 - 6*o**2 + 369*o + 2532. What is h(-7)?
-2
Let c(w) = -w**3 - w**2 + 29*w + 7. What is c(6)?
-71
Let g(i) = -3*i**2 + 40*i + 9. Give g(11).
86
Let t(g) = -g**3 - 22*g**2 - 22*g - 24. Give t(-21).
-3
Let n(y) = 3*y**2 - 17*y + 7. Give n(7).
35
Let i(n) = -17*n + 170. What is i(9)?
17
Let y(g) = -144*g + 655. Determine y(4).
79
Let o(l) = -l**2 - 372*l + 3427. Determine o(9).
-2
Let f(y) = y**2 - 10*y - 48. Determine f(11).
-37
Let m(q) = -520*q**2 - 2601*q - 9. Give m(-5).
-4
Let u(t) = -2*t**3 + 113*t**2 - 1034*t - 42. Calculate u(45).
3
Let i(a) = a**2 + 21*a - 233. Calculate i(-28).
-37
Let b(u) = u**3 + 11*u**2 + 124*u + 803. Calculate b(-8).
3
Let a(z) = -16*z**2 - 371*z + 10. Calculate a(-23).
79
Let h(x) = -8345*x - 75106. Give h(-9).
-1
Let u(z) = -2*z**3 + 9*z**2 - 52*z + 164. Give u(3).
35
Let m(u) = -306*u + 28149. Calculate m(92).
-3
Let x(g) = -g**3 - 18*g**2 + 90*g + 1819. Calculate x(-17).
0
Let m(c) = -19*c - 67. Calculate m(-5).
28
Let j(o) = -o**2 - 56*o - 71. Give j(-9).
352
Let a(m) = -m**3 - 102*m**2 + 315*m + 118. Determine a(-105).
118
Let x(k) = -k**3 - 6*k**2 + 42*k - 3. Calculate x(4).
5
Let p(m) = m**2 + 48*m + 339. What is p(-40)?
19
Let d(h) = -4*h**2 + 267*h + 341. What is d(68)?
1
Let k(t) = -9*t**2 + 86*t - 35. Determine k(9).
10
Let d(a) = -48*a**2 - 441*a - 443. Determine d(-1).
-50
Let a(q) = 2*q**3 - 47*q**2 + 26*q - 33. Determine a(23).
36
Let v(j) = j**3 - 17*j**2 + 45*j + 15. Determine v(14).
57
Let t(h) = h**3 + 53*h**2 + 36*h - 771. Determine t(-52).
61
Let z(h) = h**2 + 316*h - 1270. Give z(4).
10
Let g(m) = m**2 + 17*m + 95. What is g(-12)?
35
Let k(h) = 629*h - 2605. Determine k(4).
-89
Let a(k) = 97*k + 16011. Give a(-165).
6
Let t(z) = 70*z - 308. Calculate t(7).
182
Let n(r) = 4*r**2 + 120*r + 133. Give n(-29).
17
Let q(b) = 2*b**2 - 85*b - 590. Give q(49).
47
Let m(n) = -4*n**2 - 5*n + 163. Give m(-7).
2
Let r(y) = y**3 + 11*y**2 + 24*y - 17. What is r(-5)?
13
Let g(r) = 1984*r + 1941. Determine g(-1).
-43
Let o(f) = -f**3 + 5*f**2 - 2*f + 13. Determine o(5).
3
Let g(o) = 127*o - 116. What is g(1)?
11
Let m(t) = -12*t + 67. Calculate m(0).
67
Let j(y) = -52*y + 184. Calculate j(-14).
912
Let m(n) = 9*n**2 + 29*n - 36. Calculate m(1).
2
Let u(g) = -6*g**3 - 274*g**2 + 94*g + 106. Determine u(-46).
14
Let c(k) = -11*k**3 - 56*k**2 + 15*k + 17. What is c(-5)?
-83
Let c(o) = 11*o**2 + 163*o - 34. Give c(-15).
-4
Let d(f) = 426*f**3 + 9*f**2 - 4*f + 1. What is d(1)?
432
Let g(a) = 3*a**2 + 7*a + 7. Give g(-5).
47
Let q(v) = -v**3 - 176*v**2 - 528*v - 1551. What is q(-173)?
6
Let g(r) = -3427*r - 20563. Determine g(-6).
-1
Let y(x) = -60*x**2 + 518*x - 312. Calculate y(8).
-8
Let y(h) = -h**3 + 15*h**2 - h. Give y(6).
318
Let v(z) = 9*z + 74. Determine v(-11).
-25
Let g(m) = -m**3 + 8*m**2 + 29*m + 38. Determine g(11).
-6
Let i(t) = 5*t**3 + 2*t**2 - 7*t - 3. Give i(0).
-3
Let n(v) = 2*v**3 - 7*v**2 - v - 140. Determine n(0).
-140
Let u(g) = 13*g**2 - 4*g - 23. Calculate u(-4).
201
Let l(y) = 2*y**2 - 6473*y - 77962. What is l(-12)?
2
Let p(o) = -o**2 - 9*o + 1416. What is p(-44)?
-124
Let z(d) = -1384*d - 17991. What is z(-13)?
1
Let k(l) = l**2 + 102*l + 2497. What is k(-38)?
65
Let k(y) = 2*y**2 - 45*y + 40. What is k(1)?
-3
Let y(j) = 40*j - 669. Give y(18).
51
Let k(o) = -192*o + 2678. What is k(14)?
-10
Let j(h) = h**2 + 30*h + 197. Give j(-9).
8
Let m(s) = -82*s - 603. What is m(-9)?
135
Let z(s) = 17*s + 446. Give z(-22).
72
Let v(h) = 672*h + 1352. Give v(-2).
8
Let q(u) = -u**3 - 6*u**2 + 3*u + 12. What is q(-6)?
-6
Let t(f) = f**2 + 36*f + 173. Determine t(-20).
-147
Let q(p) = 55*p + 2131. Give q(-39).
-14
Let n(m) = m**2 - 9*m - 918. Calculate n(35).
-8
Let c(z) = -z**3 - 13*z**2 - 28*z - 1. What is c(-15)?
869
Let p(r) = -692*r**2 - 1387*r + 2. What is p(-2)?
8
Let a(t) = -t**3 - 20*t**2 + 32*t + 524. What is a(-16)?
-1012
Let o(a) = 4*a**3 + 65*a**2 + 30*a + 198. What is o(-16)?
-26
Let s(u) = -u**2 + 61*u + 492. Calculate s(-7).
16
Let u(d) = -7*d**2 - 623*d + 9. Determine u(-89).
9
Let h(w) = 31*w**3 + 345*w**2 - 346*w + 2. Give h(1).
32
Let j(m) = -56*m**2 + 35*m - 6. Determine j(-2).
-300
Let i(a) = 94*a - 2608. Calculate i(28).
24
Let x(k) = 395*k - 11850. Determine x(30).
0
Let l(r) = 346*r + 41175. What is l(-119)?
1
Let o(a) = a**3 + 9*a**2 - 30*a - 233. What is o(-7)?
75
Let q(n) = -n**2 + 10*n + 33. Determine q(10).
33
Let y(b) = b**3 + 28*b**2 - 79*b + 4. Determine y(3).
46
Let d(y) = -20*y - 301. Determine d(-12).
-61
Let p(n) = -n**2 - 2*n - 7. What is p(6)?
-55
Let o(s) = 98*s - 197. What is o(2)?
-1
Let u(k) = 8*k**3 - k**2 + 3*k + 6. Calculate u(3).
222
Let j(g) = 7619*g - 15236. Give j(2).
2
Let l(j) = -37*j**2 + 4443*j - 253. Calculate l(120).
107
Let t(v) = v**2 - 31*v + 78. Calculate t(20).
-142
Let y(c) = 1559*c + 17115. Give y(-11).
-34
Let z(n) = -4*n**3 - 2*n. Determine z(-3).
114
Let g(h) = -h**3 - 7*h**2 + 134*h + 735. Determine g(-13).
7
Let i(r) = 13*r - 148. Give i(3).
-109
Let a(w) = 21*w - 963. What is a(-9)?
-1152
Let w(y) = y**2 - 64*y - 9393. Give w(134).
-13
Let q(x) = x**3 + 12*x**2 + 3*x - 43. Calculate q(-11).
45
Let s(i) = -7*i**2 - 212*i - 43. Calculate s(-30).
17
Let g(p) = -p**3 + 3*p**2 + 39*p - 153. Calculate g(5).
-8
Let x(o) = 25*o**2 + 7*o + 18. What is x(0)?
18
Let u(h) = 2*h**3 - 12*h**2 - 7*h - 27. Calculate u(6).
-69
Let i(s) = -48*s - 1499. What is i(-31)?
-11
Let w(j) = 695*j + 5556. What is w(-8)?
-4
Let h(t) = -9*t + 52. What is h(15)?
-83
Let m(a) = -3*a**3 - 9*a**2 + 3*a + 3. What is m(-4)?
39
Let d(l) = 14*l - 269. Give d(13).
-87
Let i(c) = -c**3 - 24*c**2 + 17*c - 202. Give i(-25).
-2
Let x(f) = -5*f**2 - 51*f + 176. Give x(3).
-22
Let l(n) = 50*n**2 - 2198*n - 62. What is l(44)?
26
Let x(h) = -h**3 - 101*h**2 + 94*h - 818. What is x(-102)?
-2
Let k(w) = -7*w**2 - 21*w - 232. Calculate k(-9).
-610
Let k(j) = -3*j**2 + 902*j + 5442. Determine k(-6).
-78
Let j(q) = 93*q + 14077. What is j(-151)?
34
Let y(m) = -m**3 - 169*m**2 + 861*m - 1567. What is y(-174)?
-1
Let y(t) = -88*t**2 + 12*t + 1. Give y(1).
-75
Let v(f) = 127*f + 253. Give v(0).
253
Let z(a) = -a**2 + 35*a + 32. Calculate z(39).
-124
Let r(p) = -10*p + 206. What is r(22)?
-14
Let l(k) = 8*k**2 - 84*k + 239. Give l(5).
19
Let j(b) = 28*b - 516. Determine j(28).
268
Let s(y) = -8*y**3 - 4*y**2 + 26*y + 170. Determine s(-5).
940
Let m(c) = -4*c**2 - 154*c + 851. Determine m(5).
-19
Let z(g) = -2*g**2 + 149*g - 225. Determine z(73).
-6
Let o(m) = 9*m**2 - 266*m - 117. Give o(30).
3
Let m(f) = f**2 - 122*f - 642. Calculate m(127).
-7
Let m(z) = -z**2 - 196*z + 1403. What is m(7)?
-18
Let r(g) = 2*g**2 + 76*g + 232. What is r(-38)?
232
Let v(k) = -k**3 - 3*k**2 - 21*k - 97. What is v(-4)?
3
Let o(n) = n**3 - 10*n**2 - 65*n - 16. Calculate o(14).
-142
Let r(k) = -2*k**3 + 16*k**2 + 1725*k - 13763. Give r(8).
37
Let k(z) = 2028*z - 10138. Calculate k(5).
2
Let h(s) = -141*s - 560. Calculate h(-4).
4
Let p(z) = 2*z**2 - 53*z + 312. Calculate p(8).
16
Let a(f) = -f**3 - 41*f**2 + 38*f - 182. Determine a(-42).
-14
Let g(f) = -654*f + 4581. Calculate g(7).
3
Let q(g) = -2*g**2 - 16*g - 41. Determine q(-3).
-11
Let l(z) = z**3 - 12*z**2 - 190*z - 637. Calculate l(22).
23
Let y(k) = -k**3 + 70*k**2 - 51*k - 1225. What is y(69)?
17
Let o(b) = -9*b**2 - 9*b + 74. Give o(5).
-196
Let g(a) = -5*a**2 - 201*a - 1633. Calculate g(-29).
-9
Let t(s) = s**3 - 4*s**2 - 15*s + 45. What is t(4)?
-15
Let z(g) = g**2 - 68*g + 640. What is z(56)?
-32
Let m(g) = g**2 - 55*g - 525. Give m(63).
-21
Let x(b) = -b**2 - 5*b - 52. What is x(-4)?
-48
Let w(y) = -3*y**2 - 141*y + 26276. Give w(-120).
-4
Let t(v) = v**3 - 2*v**2 - 16*v + 20. Determine t(-5).
-75
Let u(j) = 8*j - 11. Calculate u(-19).
-163
Let a(t) = 2*t**2 + 46*t + 184. What is a(-5)?
4
Let k(d) = -4*d**2 + 57*d - 49. Give k(9).
140
Let m(h) = h**3 + h**2 + 11*h - 90. Give m(5).
115
Let z(i) = -16*i + 1806. Calculate z(113).
-2
Let z(t) = t**2 - 118*t - 10275. What is z(-58)?
-67
Let r(l) = -16*l**3 - 79*l**2 + 10*l + 16. Give r(-5).
-9
Let a(w) = 23*w**2 + 49*w - 138. Give a(3).
216
Let b(m) = -2*m**3 - 2*m**2 - m + 337. Give b(0).
337
Let t(o) = -o**2 + 10*o + 551. Give t(-19).
0
Let h(u